--
-- Host: localhost    Database: 2023_iso_copy
-- ------------------------------------------------------


--
-- Table structure for table `audit_logs`
--

CREATE TABLE `audit_logs` (
  `id` bigint unsigned NOT NULL AUTO_INCREMENT,
  `description` text COLLATE utf8mb4_unicode_ci NOT NULL,
  `subject_id` bigint unsigned DEFAULT NULL,
  `subject_type` varchar(255) COLLATE utf8mb4_unicode_ci DEFAULT NULL,
  `user_id` bigint unsigned DEFAULT NULL,
  `properties` text COLLATE utf8mb4_unicode_ci,
  `host` varchar(46) COLLATE utf8mb4_unicode_ci DEFAULT NULL,
  `created_at` timestamp NULL DEFAULT NULL,
  `updated_at` timestamp NULL DEFAULT NULL,
  PRIMARY KEY (`id`)
) ENGINE=InnoDB DEFAULT CHARSET=utf8mb4 COLLATE=utf8mb4_unicode_ci;

--
-- Dumping data for table `audit_logs`
--


--
-- Table structure for table `migrations`
--

CREATE TABLE `migrations` (
  `id` int unsigned NOT NULL AUTO_INCREMENT,
  `migration` varchar(255) COLLATE utf8mb4_unicode_ci NOT NULL,
  `batch` int NOT NULL,
  PRIMARY KEY (`id`)
) ENGINE=InnoDB AUTO_INCREMENT=9 DEFAULT CHARSET=utf8mb4 COLLATE=utf8mb4_unicode_ci;

--
-- Dumping data for table `migrations`
--

INSERT INTO `migrations` VALUES (1,'2014_10_12_100000_create_password_resets_table',1),(2,'2019_12_14_000001_create_personal_access_tokens_table',1),(3,'2023_01_30_000001_create_audit_logs_table',1),(4,'2023_01_30_000002_create_permissions_table',1),(5,'2023_01_30_000003_create_roles_table',1),(6,'2023_01_30_000004_create_users_table',1),(7,'2023_01_30_000005_create_permission_role_pivot_table',1),(8,'2023_01_30_000006_create_role_user_pivot_table',1);

--
-- Table structure for table `password_resets`
--

CREATE TABLE `password_resets` (
  `email` varchar(255) COLLATE utf8mb4_unicode_ci NOT NULL,
  `token` varchar(255) COLLATE utf8mb4_unicode_ci NOT NULL,
  `created_at` timestamp NULL DEFAULT NULL,
  KEY `password_resets_email_index` (`email`)
) ENGINE=InnoDB DEFAULT CHARSET=utf8mb4 COLLATE=utf8mb4_unicode_ci;

--
-- Dumping data for table `password_resets`
--


--
-- Table structure for table `permission_role`
--

CREATE TABLE `permission_role` (
  `role_id` bigint unsigned NOT NULL,
  `permission_id` bigint unsigned NOT NULL,
  KEY `role_id_fk_7951012` (`role_id`),
  KEY `permission_id_fk_7951012` (`permission_id`),
  CONSTRAINT `permission_id_fk_7951012` FOREIGN KEY (`permission_id`) REFERENCES `permissions` (`id`) ON DELETE CASCADE,
  CONSTRAINT `role_id_fk_7951012` FOREIGN KEY (`role_id`) REFERENCES `roles` (`id`) ON DELETE CASCADE
) ENGINE=InnoDB DEFAULT CHARSET=utf8mb4 COLLATE=utf8mb4_unicode_ci;

--
-- Dumping data for table `permission_role`
--

INSERT INTO `permission_role` VALUES (1,1),(1,2),(1,3),(1,4),(1,5),(1,6),(1,7),(1,8),(1,9),(1,10),(1,11),(1,12),(1,13),(1,14),(1,15),(1,16),(1,17),(1,18),(1,19),(2,17),(2,18),(2,19);

--
-- Table structure for table `permissions`
--

CREATE TABLE `permissions` (
  `id` bigint unsigned NOT NULL AUTO_INCREMENT,
  `title` varchar(255) COLLATE utf8mb4_unicode_ci DEFAULT NULL,
  `created_at` timestamp NULL DEFAULT NULL,
  `updated_at` timestamp NULL DEFAULT NULL,
  `deleted_at` timestamp NULL DEFAULT NULL,
  PRIMARY KEY (`id`)
) ENGINE=InnoDB AUTO_INCREMENT=20 DEFAULT CHARSET=utf8mb4 COLLATE=utf8mb4_unicode_ci;

--
-- Dumping data for table `permissions`
--

INSERT INTO `permissions` VALUES (1,'user_management_access',NULL,NULL,NULL),(2,'permission_create',NULL,NULL,NULL),(3,'permission_edit',NULL,NULL,NULL),(4,'permission_show',NULL,NULL,NULL),(5,'permission_delete',NULL,NULL,NULL),(6,'permission_access',NULL,NULL,NULL),(7,'role_create',NULL,NULL,NULL),(8,'role_edit',NULL,NULL,NULL),(9,'role_show',NULL,NULL,NULL),(10,'role_delete',NULL,NULL,NULL),(11,'role_access',NULL,NULL,NULL),(12,'user_create',NULL,NULL,NULL),(13,'user_edit',NULL,NULL,NULL),(14,'user_show',NULL,NULL,NULL),(15,'user_delete',NULL,NULL,NULL),(16,'user_access',NULL,NULL,NULL),(17,'audit_log_show',NULL,NULL,NULL),(18,'audit_log_access',NULL,NULL,NULL),(19,'profile_password_edit',NULL,NULL,NULL);

--
-- Table structure for table `personal_access_tokens`
--

CREATE TABLE `personal_access_tokens` (
  `id` bigint unsigned NOT NULL AUTO_INCREMENT,
  `tokenable_type` varchar(255) COLLATE utf8mb4_unicode_ci NOT NULL,
  `tokenable_id` bigint unsigned NOT NULL,
  `name` varchar(255) COLLATE utf8mb4_unicode_ci NOT NULL,
  `token` varchar(64) COLLATE utf8mb4_unicode_ci NOT NULL,
  `abilities` text COLLATE utf8mb4_unicode_ci,
  `last_used_at` timestamp NULL DEFAULT NULL,
  `created_at` timestamp NULL DEFAULT NULL,
  `updated_at` timestamp NULL DEFAULT NULL,
  PRIMARY KEY (`id`),
  UNIQUE KEY `personal_access_tokens_token_unique` (`token`),
  KEY `personal_access_tokens_tokenable_type_tokenable_id_index` (`tokenable_type`,`tokenable_id`)
) ENGINE=InnoDB DEFAULT CHARSET=utf8mb4 COLLATE=utf8mb4_unicode_ci;

--
-- Dumping data for table `personal_access_tokens`
--


--
-- Table structure for table `role_user`
--

CREATE TABLE `role_user` (
  `user_id` bigint unsigned NOT NULL,
  `role_id` bigint unsigned NOT NULL,
  KEY `user_id_fk_395761` (`user_id`),
  KEY `role_id_fk_395761` (`role_id`),
  CONSTRAINT `role_id_fk_395761` FOREIGN KEY (`role_id`) REFERENCES `roles` (`id`) ON DELETE CASCADE,
  CONSTRAINT `role_id_fk_7951021` FOREIGN KEY (`role_id`) REFERENCES `roles` (`id`) ON DELETE CASCADE,
  CONSTRAINT `user_id_fk_395761` FOREIGN KEY (`user_id`) REFERENCES `users` (`id`) ON DELETE CASCADE,
  CONSTRAINT `user_id_fk_7951021` FOREIGN KEY (`user_id`) REFERENCES `users` (`id`) ON DELETE CASCADE
) ENGINE=InnoDB DEFAULT CHARSET=utf8mb4 COLLATE=utf8mb4_unicode_ci;

--
-- Dumping data for table `role_user`
--

INSERT INTO `role_user` VALUES (1,1),(2,2),(3,2),(4,2),(6,2),(7,2),(8,2),(9,2),(10,2),(11,2),(12,2),(13,2),(14,2),(15,2),(16,2),(17,2),(18,2),(19,2),(20,2),(21,2),(22,2),(23,2),(25,2),(26,2),(27,2),(28,2),(29,2),(30,2),(31,2),(32,2),(33,2),(34,2),(35,2),(36,2),(37,2),(38,2),(40,2),(42,2),(43,2),(44,2),(45,2),(46,2),(47,2),(48,2),(49,2),(50,2),(51,2),(52,2),(53,2),(54,2),(55,2),(56,2),(57,2),(58,2),(59,2),(60,2),(61,2),(62,2),(63,2),(64,2),(65,2),(66,2),(67,2),(68,2),(69,2),(70,2),(71,2),(72,2),(73,2),(74,2),(75,2),(76,2),(77,2),(78,2),(79,2),(80,2),(82,2),(83,2),(84,2),(85,2),(86,2),(87,2),(88,2),(89,2),(90,2),(91,2),(92,2),(93,2),(94,2),(95,2),(96,2),(97,2),(98,2),(99,2),(100,2),(101,2),(102,2),(103,2),(104,2),(105,2),(106,2),(107,2),(108,2),(109,2),(110,2),(111,2),(112,1),(112,2),(113,2),(114,2),(115,2),(116,2),(117,2),(118,2),(119,2),(122,2),(123,2),(124,2),(125,2),(126,2),(127,2),(128,2),(129,2),(130,2),(131,2),(130,2),(131,2),(132,2),(13,2),(133,2),(134,2),(135,2),(136,2);

--
-- Table structure for table `roles`
--

CREATE TABLE `roles` (
  `id` bigint unsigned NOT NULL AUTO_INCREMENT,
  `title` varchar(255) COLLATE utf8mb4_unicode_ci DEFAULT NULL,
  `created_at` timestamp NULL DEFAULT NULL,
  `updated_at` timestamp NULL DEFAULT NULL,
  `deleted_at` timestamp NULL DEFAULT NULL,
  PRIMARY KEY (`id`)
) ENGINE=InnoDB AUTO_INCREMENT=3 DEFAULT CHARSET=utf8mb4 COLLATE=utf8mb4_unicode_ci;

--
-- Dumping data for table `roles`
--

INSERT INTO `roles` VALUES (1,'Admin',NULL,NULL,NULL),(2,'User',NULL,NULL,NULL);

--
-- Table structure for table `users`
--

CREATE TABLE `users` (
  `id` bigint unsigned NOT NULL AUTO_INCREMENT,
  `name` varchar(255) COLLATE utf8mb4_unicode_ci DEFAULT NULL,
  `email` varchar(255) COLLATE utf8mb4_unicode_ci DEFAULT NULL,
  `email_verified_at` datetime DEFAULT NULL,
  `password` varchar(255) COLLATE utf8mb4_unicode_ci DEFAULT NULL,
  `two_factor` tinyint(1) DEFAULT '0',
  `two_factor_code` varchar(255) COLLATE utf8mb4_unicode_ci DEFAULT NULL,
  `remember_token` varchar(255) COLLATE utf8mb4_unicode_ci DEFAULT NULL,
  `two_factor_expires_at` datetime DEFAULT NULL,
  `created_at` timestamp NULL DEFAULT NULL,
  `updated_at` timestamp NULL DEFAULT NULL,
  `deleted_at` timestamp NULL DEFAULT NULL,
  PRIMARY KEY (`id`),
  UNIQUE KEY `users_email_unique` (`email`)
) ENGINE=InnoDB AUTO_INCREMENT=137 DEFAULT CHARSET=utf8mb4 COLLATE=utf8mb4_unicode_ci;

--
-- Dumping data for table `users`
--

INSERT INTO `users` VALUES (1,'Admin','admin@admin.com',NULL,'$2y$10$8oPGl73k6GWRHMbzgc0fFeyYz2bZ1aQTD.GnKFmml1XU7qqcqEFSu',0,'',NULL,NULL,NULL,NULL,NULL),(2,'Mike','mnkanika@afenet.net',NULL,'$2y$10$4jHLj2BrydAJNfek.A3hwOLuvR2AxFFt2Cxj9rIapVkoDAud2mYh6',0,'795759','fktduUgYG4hXodq4BSw7AVVjni0Wa2yxSMeuM4sWBrR02ucNQbfnPlOKvsKY','2021-01-19 19:24:05','2020-12-17 06:32:56','2021-01-19 20:07:29','2021-01-19 20:07:29'),(3,'Davis Ashaba','dashaba1@afenet.net',NULL,'$2y$10$JbXekTkhHr2gpFOnjGQmaew4JJBeQ1y/qzcL19QiP857l4csE4xna',0,NULL,NULL,NULL,'2021-01-07 13:16:40','2021-01-19 20:07:29','2021-01-19 20:07:29'),(4,'Davis Ashaba','dashaba@afenet.net',NULL,'$2y$10$h.cQIIWT2ajbeSJapwdexex91hnnaQoZMQRS1wa.7xDz32Avm.gBy',0,NULL,NULL,NULL,'2021-01-26 17:27:31','2021-01-26 17:27:31',NULL),(6,'Michael nkanika','gatamamichael@gmail.com',NULL,'$2y$10$YPuvEaQ70XvlNH6rNb02XO95CIIj209RIsdXR/uPClnQrs6xjyQVi',0,NULL,NULL,NULL,'2021-01-26 20:05:08','2021-02-02 10:54:43','2021-02-02 10:54:43'),(7,'Katy Yao','dbx4@cdc.gov',NULL,'$2y$10$ewSNnRoZ96tYi6xpA2cECuhJleyZt9NQU9HB0XJ0GAus083Vw9oi6',0,NULL,NULL,NULL,'2021-01-26 23:29:40','2021-02-02 15:01:37',NULL),(8,'Manasa Lesuma MAINAQELELEVU','manasam@pihoa.org',NULL,'$2y$10$6RijYQitKoDEpmv25NEF2eeVQkjHWlet037fLHjcq9l//y5dvFeBi',0,NULL,'CKF6BhOd8drPRe5oznKFzDUqaOgu9tLTrnOkCjK2je8MMfiFiNu2LQ2q01ea',NULL,'2021-02-02 10:11:29','2021-02-02 10:25:19',NULL),(9,'Vasiti Rerega Vocea ULUIVITI','vasitiu@pihoa.org',NULL,'$2y$10$j1x.x3YY2.e2IVn61G8yvuPz7A4YtQnsLUARoiXC/MO/iqcPO6jZu',0,NULL,'GQ9nJftbQdPmVCs2iERDCQsqeNUSIwTbbWclxpmDdeJLXtVxzGyG0uXRvTwH',NULL,'2021-02-02 10:17:25','2021-02-02 10:25:03',NULL),(10,'Iylin Mugove MAKANDE','iylinmmakande@gmail.com',NULL,'$2y$10$6r5QRksvO6qJsx051JlXju8MWzTYZPuWDquBDTNDSKUCqdzaT1XxO',0,NULL,'GCJjDwpIWabc1YLpy5wH2bEQ9BaKhobOJzunlxQGHpzLJIjaNRJQ28dddkIn',NULL,'2021-02-02 10:18:59','2021-02-02 10:24:30',NULL),(11,'Patience MUSASA','muspeg1@gmail.com',NULL,'$2y$10$n6IxhZ84dxkcAUxYVJpTJO2TolXq/7oS0.v3kgmbtvnZCCddvaBWy',0,NULL,NULL,NULL,'2021-02-02 10:26:20','2021-02-02 10:26:20',NULL),(12,'Mangena SIPUMUZIWE','sipumuziwemangena@gmail.com',NULL,'$2y$10$1KiE1ZMK6KtIlv4uP3oSK.m2P/.UN17UBg2dZREIy4T/O3O4qnLlu',0,NULL,'wtKty0JPMLCApSTXJweq102SVg8ps6n8X3bIoPgJSaoYTSfCl3yQfwsiC2Xi',NULL,'2021-02-02 10:29:24','2021-02-02 10:29:24',NULL),(13,'Norah Sukutayi VERE','verenorah@gmail.com',NULL,'$2y$10$fyQNlQ8psI/yWpPyjNL1y.KduL7I8K4Fe8ECbb00HHIHar/rbQT9y',0,NULL,NULL,NULL,'2021-02-02 10:31:41','2021-02-02 10:31:41',NULL),(14,'Dr. Thi Phuong Dung TRAN','qhq2@cdc.gov',NULL,'$2y$10$7WL3gEBNKsQpR2ZkjjBkr.8bKF1JYlbWbVb0y2fGmhtLVwQH0taPm',0,NULL,'fBSsCmsdPBJ9NFAiv7hJGxAECyAtIRrV9Qq2akJI8W4VxXw18EO6shm6YMn6',NULL,'2021-02-02 10:32:24','2021-02-02 10:32:24',NULL),(15,'Ornuma SANGWICHIAN','xxc7@cdc.gov',NULL,'$2y$10$Fbcc00mS63fN.k7qzCuAz.meeHRwZlJiDSArlQtn5/UTqFzpkpap6',0,NULL,'EYsiBuUJxotJJF0RAxy43jxNqegDWftAo1q8iJKMGDSvRCnRZwd25wQAICng',NULL,'2021-02-02 10:32:51','2021-02-02 10:32:51',NULL),(16,'Awar Athuai Akok ATHUAI','awar.athuai@yahoo.com',NULL,'$2y$10$y6VlB0ZrWC47SUjp2saG8ekEL8awWSQ5ob3AMEaIFA2uR.U.KlxHu',0,NULL,'jSvBj0TZP59kcbcllMXhoJ6VqFuNZqfJWuLP8tFlO4SQ1RtkfRlyWmP5SwtB',NULL,'2021-02-02 10:33:22','2021-02-02 10:33:22',NULL),(17,'Nyalieba Andrew Thok GOL','nyaliebaandrew@gmail.com',NULL,'$2y$10$.e.wVtVtCZOe1laYaVKpbexJa6jlK1Vtr.lOBA9kP8/hjYRczqJm.',0,NULL,'gKe7YdY4Zq7H70hQjJeo1OFpWGUUl3zu5ng50LfvJW5H3nEATJcMK9BvtvJ5',NULL,'2021-02-02 10:34:06','2021-02-02 10:34:06',NULL),(18,'Shamim HOOSEN','shoosen@cls.co.za',NULL,'$2y$10$fV4gju7pd8SvSa7/G5cKZe7.l8Wtlvi5qyhU892FxmJanS8.tkHIK',0,NULL,NULL,NULL,'2021-02-02 10:34:34','2021-02-02 10:34:34',NULL),(19,'Maureen JANGANO','mjangano@cls.co.za',NULL,'$2y$10$Jf5fy2ZJw90HD82v/ZT3FOVLVWF.4ujQ5bHei8v7kFxNX3bi890Jm',0,NULL,'usIvuFpiJTcjQFXjvMzH4zteeJmkPujtBfk3Hp4uik4MXL1Ob3RZw8TVjVHT',NULL,'2021-02-02 10:35:35','2021-02-02 10:35:35',NULL),(20,'Emmanuel KABALISA','emmanuelkabalisa@gmail.com',NULL,'$2y$10$aNXSH.G73Mpth3W8e3gR1eQN.PRtS3r6Cti4VPXS21ol..2eW2TBu',0,'977563','TNX7NSUVvT2x2KPRLnuUovQdvdxkzUcHhIyIj0RCry4QrJwM680r9Asb5BfJ','2021-02-09 04:05:54','2021-02-02 10:36:15','2021-02-02 10:36:15',NULL),(21,'Philippe Raymond CHEBU','pchebu@apin.org.ng',NULL,'$2y$10$AX8tARZ.2zGGycG1vGPG4errDv3j4l2jUP7icGeUCCTVMvtWxuDra',0,NULL,NULL,NULL,'2021-02-02 10:36:38','2021-02-02 10:36:38',NULL),(22,'Mohammed Aminu SULEIMAN','asuleiman@wrp-n.org',NULL,'$2y$10$9zlSwJsZ4qFXmyaD8nZ/ueG3RVxx9atfUMnQ.QuXWzNhn7nHvZTsS',0,NULL,'a8IFTRmaqXQMyrPWUH5nenTtTNYR8ptToqeAoKZCIKYPbf6u3iW5U2LJX8hg',NULL,'2021-02-02 10:37:09','2021-02-02 10:37:09',NULL),(23,'Ughweroghene Kingston OMO-EMMANUEL','kingsido2@gmail.com',NULL,'$2y$10$SFNNuceZL7YrcjPPtCoFPuaBYYing8G63Kicm8DgI2htcU.9zx.BK',0,NULL,'w7LHFmkptWKRKteYgBQE7JDPk0pCZR1U0OmMkiGm0zmRsJW5yxGAcImMGEgL',NULL,'2021-02-02 10:37:36','2021-02-02 10:37:36',NULL),(25,'Philemon Pickson NDHLOVU','pndhlovu@mgic.umaryland.edu',NULL,'$2y$10$3baWPShfvzgUSSsdyIsfKu4WBn0sboOgTsvNb.NqIiU2PmeFKvYXS',0,NULL,'VyK7GlOVrK4b7HFSGjpbXHXFJRr21wnemNazfbpGJ1oXdsc6E9ZVsn05hOhO',NULL,'2021-02-02 10:38:14','2021-02-02 10:38:14',NULL),(26,'Makarabo Agnes MOHAPI','mam.makhele@gmail.com',NULL,'$2y$10$NoM1CscbAii2.qkLJcLbjOK/IGgK3wc6Ltp/ZkFEYsbaJljocdIMG',0,NULL,'SFzTBVqwyoOvo2PIxl3pnJGqBVXHL1o2zmQb7liuc6G7TsvRivnlTBfwsx8L',NULL,'2021-02-02 10:39:25','2021-03-22 13:17:03',NULL),(27,'Betty Pierre ALEXANDRE','bettypierre@pih.org',NULL,'$2y$10$.ETEXoiK/9Sfb3zIYlqnuOE.PldfOtYrU7ElzARvKdyM8sfdmTgri',0,NULL,'vCyrOePfRPooLdTLC35DNwbGyLgSgb0Sm6Ucw9NhaROAYxr8s1RFUwgxCOcx',NULL,'2021-02-02 10:40:00','2022-04-13 08:12:15',NULL),(28,'Alice Akoth JUNE','juneakoth@gmail.com',NULL,'$2y$10$w.pOhGhv5W6f5o5qV0hiPOsXWcrr2qm.XsyW1XsY79nuoQXvBjZni',0,NULL,'8FGSUZaly8Gchaah82NEoqY7fWBCwuiLscOOBFeklGBZgZxm98dYp7cIdnkm',NULL,'2021-02-02 10:40:53','2021-02-02 10:40:53',NULL),(29,'Daniel Dejene WONDIMAGEGNEHU','daniel.dejene@yahoo.com',NULL,'$2y$10$lxSnqsvzhwFpURtIWePLsuCqumC4WpzjfdqCd8Xqf2xPcK.dtqIxS',0,NULL,NULL,NULL,'2021-02-02 10:41:28','2021-02-09 16:08:38',NULL),(30,'Mathabiso Adelina SHABANGU','masthabyl@gmail.com',NULL,'$2y$10$syBqGZNi16G2WvP9pd4UH.hy92ONRdyno6yIbOzgDyOJG9N/LR0Ni',0,NULL,'m5iVPYYdqf6DpCeKMkiCJglPzngTF3hZuFlav3lc49uUE38QKmvInyP6Eo7z',NULL,'2021-02-02 10:41:58','2021-02-02 10:41:58',NULL),(31,'Yang ZHENG','zhengyang@chinacdc.cn',NULL,'$2y$10$7TYFE59e2DSd5e2OUqII2OXqDT5O6F6CT7bInnsP.2W0I6K/MLC2a',0,NULL,NULL,NULL,'2021-02-02 10:42:38','2021-02-02 10:42:38',NULL),(32,'Anna Kadaa GWANFOGBE','annak@crihssfoundation.org',NULL,'$2y$10$uVot9h1einwLefoPcxbQA.GS7SNye5r.PwoRt3yB7jnzkulPKnH9K',0,'245191','G95j4ZhPlV1YPutiV3LL9B1sOcZCYd68C5IuMYPE4wXpxnueTCLp7tMjE6bv','2021-02-09 22:40:36','2021-02-02 10:43:16','2021-02-02 10:43:16',NULL),(33,'Thapelo BALE','tbale00@gmail.com',NULL,'$2y$10$Ndg6v1RB8bFWNm2ewVRJz.EgzqHUlAgcbVHCNWfKVoCYVtorrYbEe',0,NULL,NULL,NULL,'2021-02-02 10:43:57','2021-02-02 10:43:57',NULL),(34,'Tshenolo NTSIPE','tshenolontsipe@yahoo.com',NULL,'$2y$10$Ozx25Z0iYPanJFS6ctyF5uydHryvUUeSP8xCGYHlQ5bjIyK6USW2e',0,NULL,NULL,NULL,'2021-02-02 10:45:00','2021-02-02 10:45:00',NULL),(35,'Vera VIEIRA MENDES','veralvieira31@gmail.com',NULL,'$2y$10$HF87J3HvF86L4hBErlVo/e1n1rZToWFlAjzROD5Skte1XVSTbQhvi',0,NULL,'vWsXFEuLPGiLzmcGbdAfJg4tkcThLpMiOeMzzZafzUYJtefJr4ZgnxIYuPhO',NULL,'2021-02-02 10:45:21','2021-02-16 10:38:42',NULL),(36,'Kennedy Matovu','jkps1613@gmail.com',NULL,'$2y$10$AgJJe095VQ8y7VWoLgYaAuQ4fnb5D2QOCtsxB5/.ekwZB0S8F90je',0,NULL,'mXgIxhXuySTMc8i2VgyImRtkA0wl0cwTmurbHmpOMh5sOD781yzro4pDBpjS',NULL,'2021-02-02 10:47:10','2022-04-04 15:56:19',NULL),(37,'Janet Scholtz','janet.scholtz@nhls.ac.za',NULL,'$2y$10$LW/9FWYWTDLj628GEnSP2uvcZo6n94YSO//VKqRET9KYh26.CYNHi',0,NULL,NULL,NULL,'2021-02-02 10:47:37','2021-02-02 10:47:37',NULL),(38,'Beatrice van der Puije','BPuije@aslm.org',NULL,'$2y$10$aOmh8lOSS35SgnuIrBOYgeSogxe9wPCfUCYOydocanz4HqTn7tS5i',0,NULL,NULL,NULL,'2021-02-02 10:48:03','2021-02-02 10:49:35','2021-02-02 10:49:35'),(40,'Elde Mel Paladar','epaladar@gmail.com',NULL,'$2y$10$V.V7v5eWuDQpruc1wS4nfuG8Xaa2CxgujACyZkjMWQMGaP2JzNAou',0,NULL,NULL,NULL,'2021-02-02 10:48:36','2021-02-02 10:49:27','2021-02-02 10:49:27'),(42,'Katy Yao','kyao@cdc.gov',NULL,'$2y$10$s2IgZ.hZGfBF.wQ3ipzIcu6BfXsXfUZw98fnJF.j33VIiqhZKfgo.',0,NULL,'bFxYzh8qON2Guf4VD81ETJUc810ESCcWaBKNDVdTHWUiXHAxRmyeUDCcL7OL',NULL,'2021-02-02 15:04:13','2021-02-02 15:04:13',NULL),(43,'Martin Monte','gqe5@cdc.gov',NULL,'$2y$10$JXaVLWborF2PFOF9QFocc.6Sc8Ql9oSBp2Md6812nduo0lYk5e/0e',0,NULL,'m05kpHK2coOPghWEEgyXyvzTilOTZRkRwgfCZJQbl7wClP6n1h6H5JXWSSTO',NULL,'2021-02-03 20:47:50','2021-02-03 20:47:50',NULL),(44,'Anna Kadaa GWANFOGBE','kadaa2000@yahoo.com',NULL,'$2y$10$.b.20nawYJzrFK94Bm/pyOv.CW/Zm4oB73Oom.J1i5pM2okzuczra',0,NULL,'OqVTDykNDjJEh378DqCYplqw348ylzx5Xa3QBJqi2B7kuuIt8qn5NGtz3Svc',NULL,'2021-02-09 16:02:13','2021-02-09 16:02:13',NULL),(45,'Luciana Kohatsu','iee2@cdc.gov',NULL,'$2y$10$btjp6qTzT/4BboHz2TEXbOxdFlnArphYtqX6LUXc36VrC8CW8m2Na',0,NULL,'BXrdE4jhW5PM6yYK8E3OIPkmPywHatgDCCC93E7iGvaTfSQLQm6BKwx1m6wj',NULL,'2021-02-09 16:34:14','2021-02-09 16:34:14',NULL),(46,'Barbara Lola POCONGO','pocongo1487@gmail.com',NULL,'$2y$10$AXoVrpBah.FMJeOrvAlUtOAB4BogZkWZUWkhplof0MF/XeoM2pEpS',0,NULL,NULL,NULL,'2021-06-15 09:47:29','2021-06-15 09:47:29',NULL),(47,'Reledria D\'Alva Castelo Branco','rbranco@afenet.net',NULL,'$2y$10$fcxDvk8m.C/gFft8gU38u.yXcjer49kS13j0OMjdRY6Es2i6pfWEG',0,NULL,NULL,NULL,'2021-06-15 09:48:53','2021-06-15 09:48:53',NULL),(48,'NAKELI Nicoline Batumani','nakelinicoline@gmail.com',NULL,'$2y$10$nAyMrEEF2g3C4Vs4jUpIc.wkqxC0M4Vo1BXjoYsK60kUslk3jnxl6',0,NULL,'uPRRK4OipcaBbXnfN3iyiUqDTba3gHGBfV0sqRfO8PihlMscMHTOtV7Uz4T6',NULL,'2021-06-15 09:49:52','2021-06-15 09:49:52',NULL),(49,'Yvette Paulette IRVING','gylablady@yahoo.com',NULL,'$2y$10$5jzgPr16BatJGnsVsL3VbeyhsiusP0Mr2cW2lHK3xdvPOlHGy57ce',0,NULL,'AZWuQyw5jIzNFeHFfUcvaRPHDbkL2ZetsmDjgnIOL4k7qbm43PEPN2Kul9FZ',NULL,'2021-06-15 09:50:09','2021-06-15 09:50:09',NULL),(50,'Janet Claudia NEIL','janetcneil@yahoo.com',NULL,'$2y$10$7kjBTrr8YBi6UtbBBMJ22eEvF4olMyKubXR529qi4aI4t/rk9Jj/q',0,NULL,'Wdkcxrn54Y5HvdkYB4OM2Jw7Y5jNzJ7yuRm906XeRVPNeuewOgOe6wk81FtA',NULL,'2021-06-15 09:50:27','2021-06-15 09:50:27',NULL),(51,'Xinxin LU (鲁辛辛)','luxinxin2009@126.com',NULL,'$2y$10$PPvAW1JtCSD3bskegFJRFu3gy3OYzcNwMXNVNLW2hyyKSgC6WCLfa',0,'481194','uDEkJguxF7YAP1zsdlFfYPswttMktiX3ORCUb72ajWwQzGi2xbdg5ZhPewto','2021-10-03 10:18:00','2021-06-15 09:50:45','2021-07-08 16:26:59',NULL),(52,'Binghuai LU (鲁炳怀)','zs25041@126.com',NULL,'$2y$10$6wp.EcuURy8R2F986R/b1.UruVFpSVJgzM0Q53oO9E6uSdzNdCxhO',0,NULL,'2Gy1XCt08oA4EteXfIWAwGkFNOzIG3UrEbE0oJeiwqLgz0UNLwdoN8jVtkoZ',NULL,'2021-06-15 09:51:09','2021-06-15 09:51:09',NULL),(53,'Tirusew Maru WONDAWEK','dagim2003@ymail.com',NULL,'$2y$10$ks6o21P484qZN/F4LS/3AeSFCtK4XrbysYlSf2SZR7Htiw6dWcdKS',0,NULL,'h8QW7l4Kl1bwu7C0qKU5dzo4DobhRMJx1qKh7sdnNJbdPrsA5Zggr0vWpr24',NULL,'2021-06-15 09:51:21','2021-06-15 09:51:21',NULL),(54,'Dargaze Kibru TIGA','kdargaze@gmail.com',NULL,'$2y$10$LmuPvi.Cy1OiW163pBfiXeqRcfT0O5VHPdK1C2FjbzM/6D2.KeIia',0,NULL,'q953nLWcMVDBrMR1KHjmTicpOrDOvt0exOFGRYsSqhoom5BlEyZKfPW2tWWT',NULL,'2021-06-15 09:51:37','2021-06-15 09:51:37',NULL),(55,'Ronald ST JEAN','ronsaj510@gmail.com',NULL,'$2y$10$JLlLrPp7xVMSE52pr5e6vOyVvsqM9nyI8.2IbHfSZKrLTl3mUoq3W',0,NULL,'youvc8gTivkHTXhlWQqrVCHjh4s5c88Yf25wprjDxoZrPjVWcVwDO3q0e7Uc',NULL,'2021-06-15 09:51:55','2021-06-15 09:51:55',NULL),(56,'Horace GUMBA','hgumba@kemri-wellcome.org',NULL,'$2y$10$eBdq3gxhvNpngslAWweN4.UKNEU49dF.0RQRPt0nfAQhSPKHTodBC',0,'745914','yBdBeBVxGwGQnd1kDePkridgk7jZorCUop5NVkEa1ar5s6o8mYpNrco0w21A','2022-06-21 08:20:35','2021-06-15 09:52:16','2021-06-15 09:52:16',NULL),(57,'acqueline Mukhaye AMIRA','jackieamira@gmail.com',NULL,'$2y$10$ICxQQ.SwBXrKV5jA4dMzDuGvo4IL58K0X7Utozpxvpot.RM/BnpfW',0,NULL,'6daXtrNZT6teRfoLpKW0N9bJgYcAotk7U8q4fH7GOsyJds5rHuxXhO6lcglp',NULL,'2021-06-15 09:52:37','2021-06-15 09:52:37',NULL),(58,'Makatleho Grace SESOANE','khethip@gmail.com',NULL,'$2y$10$KGi5VuV7dFLSCFkpXzxSkOjJ6OImBfOQ6as3s2RIw0hyNfC9UIA7a',0,NULL,'xqtQi83KKurmZUySzWZWaXzh4aAYir77n6FSgOy49Z7ve40doCK2FtDkLiQl',NULL,'2021-06-15 09:56:10','2021-06-15 09:56:10',NULL),(59,'Lisemelo Agnes NTAINYANE','lisemelontainyane@gmail.com',NULL,'$2y$10$9yCMPbVVhAY8f.WKxE717uAln5nIoWcX/Xi2q3v5T.sgYnn7nCGtK',0,NULL,'BWqlQj4kgqbqaCg3Kma8yEe0H9cUzKkxf7MqfWKTjQUesPbKZcoqJ2Idqyag',NULL,'2021-06-15 09:56:25','2021-06-15 09:56:25',NULL),(60,'Charles NYANGULU','cnyangulu@mgic.umaryland.ed',NULL,'$2y$10$3owd.tEIFD2efY2f9i6HHO0FlirMRU5b5MaCOm4BZYtTmbEh4kq.S',0,NULL,NULL,NULL,'2021-06-15 09:56:41','2021-06-15 09:56:41',NULL),(61,'Beatrice Miriam MWINJILO','mwinjilobeat@yahoo.com',NULL,'$2y$10$eKa9gMIVL7AR8BKkYk6.i.d.fk3dQpu4jIC6Cf5qkj7TfJYq5hyVy',0,NULL,'ENkXFR6fqLvkjSoEIxsAAWMYnLUfcGtj7wboBZNAN2g1PVRgLi3xfqATgpsP',NULL,'2021-06-15 09:56:55','2021-06-15 09:56:55',NULL),(62,'Emma ENDYALA','emma.shitaatala@nip.com.na',NULL,'$2y$10$F5L5iMszr51cjrhi2UQ1NOMDPzqTRFNgK0SLmIknwCAxKsuh29qfe',0,NULL,NULL,NULL,'2021-06-15 09:57:10','2021-06-15 09:57:10',NULL),(63,'Annie DIAZ','adiaz@gorgas.gob.pa',NULL,'$2y$10$YxoV7CuH9A67P6rfBOvdhOYvvxyRUZqJruGrE.wuYvhXWlT9ZOTTO',0,NULL,'eHgTh5x3faSmWM6eXeDL4Z0YrlVXmLgvtQLs2Bvyjf9M65prWiaESu84fRIM',NULL,'2021-06-15 09:57:56','2021-06-15 09:57:56',NULL),(64,'Janett Soledad PORTILLA ROMERO','jasolportella@gmail.com',NULL,'$2y$10$xJRlo0SElhhiUvGzNnAMDuvSXM/nKefD6VHNawvrzJlxgXVI7b6Kq',0,NULL,'wiAwlNGGCDbiPRIatk4eqg1BBYSL5k5Y64nr5EfdQsE9ITXS7UNqtNnjsT1y',NULL,'2021-06-15 09:58:19','2021-06-15 09:58:19',NULL),(65,'ean Marie Vianney NGANDAKABANIGA','ngejean2008@yahoo.fr',NULL,'$2y$10$y.Jxr9MIyCYkw51P3PVAReKJAZZTT2JW3X.XsJXOK8gxB13nI6FR.',0,NULL,NULL,NULL,'2021-06-15 09:58:34','2021-06-15 09:58:34',NULL),(66,'Celestin MUSABYUMUREMYI','cemusabu@gmail.com',NULL,'$2y$10$xJJS1sElhx/kIfdOeS5Dh.y0jXQzkIiZUZliS.MAUPeS70eOWEcHy',0,NULL,'QWS7kDcNUSh0u8Lmwpe1VDMsjleYUZuIbk1SplYA8mt5UqExozUyPvSiiSvR',NULL,'2021-06-15 09:58:49','2021-06-15 09:58:49',NULL),(67,'MAIKU Sunday Masson','maiku82sun@gmail.com',NULL,'$2y$10$JR1ACcy4XIJcBJB0qmlsqusJT2Nx5NPNplSLQudiJ101o4hp490d6',0,'116383','3IxH2bvRta6Gd1M4L1iiuHt5rP3uCFGvZ23lVCzBMbJNwmLc15hlSwWrvRsA','2022-08-24 13:31:09','2021-06-15 09:59:05','2021-06-15 09:59:05',NULL),(68,'Babiker John Mayuol MAJOK','aropjohn@gmail.com',NULL,'$2y$10$j2pt68.wcnzrqz1dmOq.lOh/rjwjkLc3WZEEqpVnZAxjjFJt2QR7S',0,NULL,'uePKBatHXIV6ywhdhiUNlfgiH0mPEmpgvC1q2Hbv0lsgTunm4awG6xikvCpg',NULL,'2021-06-15 09:59:22','2021-06-15 09:59:22',NULL),(69,'Elizabeth NAMPEWO','nampewozabetha@gmail.com',NULL,'$2y$10$FOJHpgM/E9/8u4Klxb8JZ.Bu45QB9MDmvOeM2JP3fVbRHESHNJSd2',0,NULL,'20bHsTrcRVIpRL8Gsst6mjzp9ydVT5zp4G0fCAyJh4io0YmIGCZkX3U7FjUB',NULL,'2021-06-15 09:59:39','2021-06-15 09:59:39',NULL),(70,'Patricia AKELLO','aapatrish@gmail.com',NULL,'$2y$10$FnVWewE9zNUHMhjqdAK4FeLdHlVrkPSB5mPWhQYeQHw5ING5U3pYq',0,NULL,NULL,NULL,'2021-06-15 09:59:58','2021-06-15 09:59:58',NULL),(71,'C. Jude BUSINGYE','jcbusingye@gmail.com',NULL,'$2y$10$3yVWwFKAwvRCoYraewn0Fe3qG5Jn5I4LkshYZOX0TSClB30CoqTR2',0,NULL,'hzgo23BFzagDaBqyze0aA04eYTAZ6TWc48ta3onVlkmKPMfeic771CrCxR3Z',NULL,'2021-06-15 10:00:17','2021-06-15 10:00:17',NULL),(72,'Lydia TONGOWONA','ltongowona@brti.co.zw',NULL,'$2y$10$dPxIny1VP1VSCoGAzlVw9O0rD5ppQ.1Ea41R5.AFEEPC.Sq6DNxB6',0,NULL,'mJCoetKl5XVxxUntgvwDof6Rhd0He3v9cyCs7V8uhai2jF16Vc7vxdMO5wsy',NULL,'2021-06-15 10:00:36','2021-07-01 15:45:35',NULL),(73,'Kudakwashe CHITUMBURA','chitumburakc@gmail.com',NULL,'$2y$10$ptH0BOtorw52gmHIokRi0eJ1P7ViBPhbMwK2KQ2PWi84YIWo.GEDG',0,'247987','VneuXdYJWrD9VfzmMxfRxiPy2Y4n28CQN7zSmssFfsKjlO8KLDfqF1GXBbgM','2021-07-04 10:56:26','2021-06-15 10:01:19','2021-06-15 10:01:19',NULL),(74,'Shao Yan','maimai9947@163.com',NULL,'$2y$10$ytx2v8Thv0Cy2Fdu9DqG4ejG4pH..Pb8YRkuX6N.fBKJ7AD1.JwVm',0,NULL,NULL,NULL,'2021-07-09 11:01:09','2021-07-09 11:01:09',NULL),(75,'Thebe Bolowe','thebebolowe@gmail.com',NULL,'$2y$10$j52Q940i3i9MJ/kadHrE7eOyIUYpSRnLf/nW.y4/u94isFw5eNPVK',0,NULL,NULL,NULL,'2022-04-04 15:59:47','2022-04-04 15:59:47',NULL),(76,'Kabontshetsa Esther Podi','kabopodi@gmail.com',NULL,'$2y$10$ZCyjs.yvt/20BIG0NaviSOrnRHkn3gJb1lDMPGFvQ.LZkAzz.eeJm',0,NULL,NULL,NULL,'2022-04-05 10:32:13','2022-04-05 10:32:13',NULL),(77,'Florine Dineo Motsisi','dinmots@gmail.com',NULL,'$2y$10$e6LIQ9gJhgKdAyPwuxlKae9gbb67u6rr7X8fwfZjhmZH5O5bJGPU2',0,NULL,NULL,NULL,'2022-04-05 10:33:33','2022-04-05 10:33:33',NULL),(78,'Vanny You','yvanny@niph.org.kh',NULL,'$2y$10$W1aWWYxMkt51bVrLoJB.FOrSxHVLLaUgfEozraW1jbgbI.zxC4abq',0,NULL,'I1bZ281Hnajycrl3c8JdRaShVGa11IffdfqmADMIOyaXVipM4lfFxDtv05Ms',NULL,'2022-04-05 10:38:00','2022-04-05 10:38:00',NULL),(79,'Kimsorn Pa','kimsorn.pa@niph.org.kh',NULL,'$2y$10$a0Qg/ntSG4J9AZq258l.C.0QaYpnhsG03GafK03y91l9L66gzxduu',0,NULL,NULL,NULL,'2022-04-05 10:39:30','2022-04-05 10:39:30',NULL),(80,'Lamleav Leak','leaklamleav@yahoo.com',NULL,'$2y$10$IIL0Fre9UvH03SEfHUic2uZA7GomIBYGgblNcIJh84HjEStHFQpG.',0,NULL,'elT40Ooz31U85S48iND2cZtoHRbMj3WGdwhY8yR8bA9gEMDpUhVhdXjb8la2',NULL,'2022-04-05 10:41:27','2022-04-05 10:41:27',NULL),(82,'Dr Clement Taziebou Lienou','c_taziebou@ghsscm.org',NULL,'$2y$10$wjC56ADcufSRGQPUVBUVXe8UIOVa5KDQZRpZe0PQ8Gj98Szu0JoY6',0,NULL,NULL,NULL,'2022-04-05 10:44:51','2022-04-05 10:44:51',NULL),(83,'Tekwe Sylvanus Fon','s_fon@ghsscm.org',NULL,'$2y$10$muv.LtCYFdwOZfrMqPq/BuU3PRFAHx.3/UxvdngGOfuPX3W4C.qJO',0,NULL,NULL,NULL,'2022-04-05 10:47:31','2022-04-05 10:47:31',NULL),(84,'Marcus Kehinde Moroti','marcusmoroti@gmail.com',NULL,'$2y$10$FZOhFG0WF0MWTZNrtCVg4u47QaYU5WM2YwIX6m0QRNVwB.hjSZUVG',0,NULL,'llsRVFFWYHVnYrUQ7QRGoY2dId0DrFx4328aGgq2Cck3UwuT3v1Mg0WRhyru',NULL,'2022-04-05 11:02:19','2022-04-05 11:02:19',NULL),(85,'Stebleson Azure','azurestebleson@gmail.com',NULL,'$2y$10$3D3bX9xoO339XiIqjhJUcuDv6L/F1iFW4ryytqxESwzZ6/53tG8fO',0,NULL,NULL,NULL,'2022-04-05 11:15:09','2022-04-05 11:15:09',NULL),(86,'Matendrick Adolphe','matendrickadolphe@gmail.com',NULL,'$2y$10$dIxcHFHKnZRNTOu1e1boROKYHVdeiN1Z8D3dBuyzlIyGQnwgekOtm',0,NULL,'5iP6fYaIsN9bjaOSrpwbojaWTYdiJZBvUE00ArcjwzjNzwTIXh5Akq6JTuAz',NULL,'2022-04-05 11:16:42','2022-04-05 11:16:42',NULL),(87,'Betty Pierre','betou26@gmail.com',NULL,'$2y$10$KJqkMo1aLN3I5BPGswi2..HU9R65VBVOAhJI3OURoI1G48Dw1TSPy',0,NULL,NULL,NULL,'2022-04-05 11:17:47','2022-04-13 08:10:55','2022-04-13 08:10:55'),(88,'Naomi Wangari Gatambu','ngatambu@gmail.com',NULL,'$2y$10$9958yKH9GbJGdeS4eB0EaevkQMs38GXu6yIucA/ArH42MO2DJ2KR.',0,NULL,'PxiUTGP2iWPUXicAarQpwNgdgeORm5nbwEXsWZzuXvCto9opKKt2cfsRnNSv',NULL,'2022-04-05 11:19:51','2022-06-15 11:26:10',NULL),(89,'Paul Kinyariro Mwaura','pmwaura@chak.or.ke',NULL,'$2y$10$JxNZlK7dxO5yKjFBHPZGiu/AHThBGd8aF0cCJETQHzYtwJ/7W8jA.',0,NULL,NULL,NULL,'2022-04-05 11:21:42','2022-04-05 11:21:42',NULL),(90,'Eric Opiyo','eopiyo7@gmail.com',NULL,'$2y$10$Js3.t1lglZ3TnN3Bqs7p3e4X6pqLPlgaznZbz7bD0I8rbktdsZfQq',0,'947083','9AeThJChWasgxgt0bbQ4hAdsE3DPSNy2YMYTnu7J6ox4AbMamV6y5cgxJQOv','2022-04-26 10:28:29','2022-04-05 11:23:55','2022-04-26 15:12:25',NULL),(91,'Mixivang Xayaovong','mixi@cilm-laos.org',NULL,'$2y$10$F9CorqW35p.GS42H0lBjfeYs8eBI6543BtSnJZislpRq/LopL8FRa',0,NULL,'9ViqTM6mAEkmmWiaZ2BWUKwKUOuk2umA8F3OM5UxggR6BEieW1B4FRI9LWrC',NULL,'2022-04-05 11:25:16','2022-04-05 11:25:16',NULL),(92,'Douglas Chiwara','douglas.chiwara@nip.com.na',NULL,'$2y$10$HpwhGt0P0ssxHb7rQN..du.kYjpmsb9Q1vWKsXYMdoeMXYD3giG6q',0,NULL,NULL,NULL,'2022-04-05 11:27:32','2022-04-05 11:27:32',NULL),(93,'Beata Ndipwashimwe-Hangula','beata.ndipwashimwe@nip.com.na',NULL,'$2y$10$ssPo5O/NTVfsaPErojjKFee7BJkRZa7dS8kjEUhyWqAvlY0HJNKPC',0,'557125',NULL,'2022-04-22 14:56:03','2022-04-05 11:30:09','2022-04-05 11:30:09',NULL),(94,'Gerhardus van Rooyen','Gerhard.vanRooyen@nip.com.na',NULL,'$2y$10$L4Cej7qpXS1xIQ3m2Q2qa..pVpFpBWLz5YDkrL0pmw1v5OkEKiOa2',0,'690330',NULL,'2022-04-22 11:42:59','2022-04-05 11:34:01','2022-04-05 11:34:01',NULL),(95,'Stefanus Kamati','Stefanus.kamati@nip.com.na',NULL,'$2y$10$wOO/SuJJ4r0PvB0jKDdodOmNK1r87Preqlrn83UD6DUHxCPKl3TFy',0,NULL,NULL,NULL,'2022-04-05 11:35:51','2022-04-05 11:35:51',NULL),(96,'Odafen Oke','hqi1@cdc.gov',NULL,'$2y$10$2/SFkk8qZGcKSiENJp8XgOfdqgttfL0.rCmaC8zPtvDzAMYvAjtG.',0,NULL,'rBJH2ywLaebfj2PbhwBspEekkpUhlqsVDkAOvdQHVFxT8Y013AQBmmjRLmsA',NULL,'2022-04-05 11:37:25','2022-04-27 05:50:45',NULL),(97,'Emmanuel Adewale Ojo','eojo@apin.org.ng',NULL,'$2y$10$TEA5Gbt12If6Ew7RdQWfLekKMGCEqRhpneQUHCNeYNtbKhqs.J676',0,NULL,NULL,NULL,'2022-04-05 11:39:15','2022-04-05 11:39:15',NULL),(98,'Oyebimpe Racheal Balogun','ookelade@ihvnigeria.org',NULL,'$2y$10$0Pd5beQy8bkCN8s6gyTUFudlmacrksDRrUiCkiQLXCrIPLR23Nuwi',0,NULL,NULL,NULL,'2022-04-05 11:40:46','2022-04-05 11:40:46',NULL),(99,'Eke Ofuche','eofuche@apin.org.ng',NULL,'$2y$10$HQ4y01pfGZRGUMg2D2Frb.RrnVgD8dfWaC4mH9UJ5QppsVM1yUpAC',0,NULL,'ZDzS787LpF7QxjM5JGCelJnYNPqwQT5SwLwMHNlgMTE1YKfKagQ7yZQsYopr',NULL,'2022-04-05 11:43:06','2022-04-05 11:43:06',NULL),(100,'Therese Niyonsenga','niyonsengatherese@gmail.com',NULL,'$2y$10$de9Y9umCbXv.jfzRvoZ.NOr9VNLO9ia9kzsJLCUPl0B.EYlGSLVu.',0,NULL,NULL,NULL,'2022-04-05 11:44:41','2022-04-05 11:44:41',NULL),(101,'Alice Kyalo','kyaloalice@yahoo.com',NULL,'$2y$10$aU78CpGKWCCNIcdFmCVONeiOacNUqxyLUqjEg3Dp9lruAJPvAgyUW',0,NULL,NULL,NULL,'2022-04-05 11:46:44','2022-04-05 11:46:44',NULL),(102,'Basilius Kilowoko','kbasilius@yahoo.com',NULL,'$2y$10$YscEM3laM6OT032.EHDMhu53cbK3Y7pEvXq/Hhkqtge7UdJWC5PTe',0,NULL,'zZUvJcjRZZWP1lhiobbuF4TKGaVBKZrJjATFnTdZM9IVrdDoX672fBq4rb4j',NULL,'2022-04-05 11:48:25','2022-04-05 20:01:44',NULL),(103,'Jaffer Mgumila Sufi','mgumilasufi@gmail.com',NULL,'$2y$10$s6/bEKW1LqEBA1tiIhPtr.Xi//qcvjRDzOM2QfHZhc8RO1ZAxGzye',0,NULL,'aSxTgbnOdigkygPTk2hJAjF0NSxwfXghPMACxIfZSvv9sesY2XguuwKc0Bn4',NULL,'2022-04-05 11:49:54','2022-04-06 13:11:11',NULL),(104,'Andrew Nsawotebba','andrewtebba@gmail.com',NULL,'$2y$10$/Szzto37xu4qVF7OZUOcxuf1tzbWa6YE/pVgQ5BM5sy3XuAlcPzNm',0,NULL,NULL,NULL,'2022-04-05 11:51:52','2022-04-05 11:51:52',NULL),(105,'Esther Nabende','nabendesther@gmail.com',NULL,'$2y$10$wJOumiyBxKSsimdMAclz6OucaFMRUmydgf/ppwzYRbbCutIQTBzfO',0,NULL,'UguNCIVcA85mqGz2njZdOQXuHQfLexDRPNI1hgDsD0VvevZrvriiIeyO5ylu',NULL,'2022-04-05 11:53:19','2022-04-05 11:53:19',NULL),(106,'Andrew Baguma','andrewtwine88@gmail.com',NULL,'$2y$10$z07KuWudxSViM4lPi1z6ZetOSYbqOaqbiQ.veyZ69W8r0gux04aEO',0,NULL,'1c6DtbaEWKdtg8VcjaAWlNbSXZJWPfhDR0GJW3N99zAXfEAIIEOdsy8MQ9J0',NULL,'2022-04-05 11:59:05','2022-04-05 11:59:05',NULL),(107,'Innocent Mdlongwa','imdlongwa@brti.co.zw',NULL,'$2y$10$YDXTQy6KlHcbfeSGsQdD6ORGwIjqQvwefv2dfuvz/wUhdAT21nfMK',0,'200907','PzhXW0qPv699Bs5IcpWYClS9md4LQSBgWyVIuHmR6JKH6mI6SL96BGftTIDx','2022-04-05 18:17:59','2022-04-05 12:00:06','2022-04-05 12:00:06',NULL),(108,'Lucia Sisya','lucy.sisya@gmail.com',NULL,'$2y$10$RlikwYfZ0UPLbKVj5pYp2ODPMPEv.tUuK/gSyGEs4/V1DRBdw.MW6',0,NULL,NULL,NULL,'2022-04-05 12:04:24','2022-04-05 12:04:24',NULL),(109,'Kanyisiwe Sibindi','kanyisiwe@gmail.com',NULL,'$2y$10$ZootrxjvzxzNheTJYbi5J.mv8U68gs..hTIUacF9hHiWjLG44T7lq',0,NULL,'FmV3ISrw9EfGDpp1NgaCPH8Iwo2X7I3YWCpQU4G9mVPzAaEIf3yFRu3AxM0H',NULL,'2022-04-05 12:06:31','2022-04-05 12:06:31',NULL),(110,'Michael Makaya','makaya.michael@gmail.com',NULL,'$2y$10$97.xi9MTTJ7REk1C81B4bu7OH0HnSltfyuAf56pSfo1wpFYuQokba',0,NULL,'HNYZ9bV8lAVPX6nf409WNQxisjJ7iGGYOt7kVRO4aS5boGBlOONIb958x5AR',NULL,'2022-04-05 12:13:14','2022-04-05 17:50:51',NULL),(111,'Kennedy Henry Odhiambo Awuondo','Ken.awuondo@gmail.com',NULL,'$2y$10$MFjKDZNMsvZTtTY4Hhu6rOt5cS8BOQ0jlGioIPMDvNog3EGxZsldq',0,NULL,NULL,NULL,'2022-04-05 12:15:31','2022-04-05 12:15:31',NULL),(112,'John Kennedy','kmatovu@afenet.net',NULL,'$2y$10$FyctAfoVKIupqk7tk00dReoqgiyhZAbz/OV3hkmwK1XWxF8V9zMhC',0,NULL,NULL,NULL,'2022-04-05 12:19:06','2022-04-05 12:40:41',NULL),(113,'Amina Al-Mayé Bit Younouss','bityounoussamina@yahoo.fr',NULL,'$2y$10$kXQWLvnuIPNjYOyV9aYVlON9A1fBdNIdJgwNEody7COa8jfQbQ2cC',0,NULL,NULL,NULL,'2022-08-08 13:50:18','2022-08-08 13:50:18',NULL),(114,'Bosley Nyandieka Motaroki','bmotaroki803@gmail.com',NULL,'$2y$10$VRb1Y8IsF8kal1r722cmCOImL5saDNw/ycWYrKnY7YBOR/lmr2PPO',0,NULL,'nI2dVBmc9Jx4stZLGZ7RhRyfWqIq05HKKKDuBTB9If7sy7YBPu0wlT0JTLVB',NULL,'2022-08-08 13:52:42','2022-08-08 13:52:42',NULL),(115,'Chawanangwa Khuwi','charliekhuwi@yahoo.co.uk',NULL,'$2y$10$KUPNNy6mkWV6nNo5rVNWKe8lw2rjZWaGUayh.mbmBykswyUfYpYJe',0,NULL,'Yn00HAqJz79qT1G92HTVzvNJ3z5ANLJIFMQOnY5w4eyNwoDq3ZuXveOkaMNc',NULL,'2022-08-08 13:54:08','2022-08-08 13:54:08',NULL),(116,'Christiane Adje-Toure','cia9@cdc.gov',NULL,'$2y$10$sKILWMxNuyxp8JVBH/MHR.CJsQ.oObl6MJjKiPZNjwdEqXBglRwBG',0,'661871',NULL,'2022-08-09 15:55:45','2022-08-08 13:56:06','2022-08-08 13:56:06',NULL),(117,'Clarisse Murebwayire','clarisse.murebwayire20@gmail.com',NULL,'$2y$10$byCrZsYubrL2OO2jPp1sE.rEwJXiK44T26IkdpYQWcz/LpbxF58Ha',0,NULL,NULL,NULL,'2022-08-08 13:57:24','2022-08-15 11:36:58',NULL),(118,'Daniel Ferreira de Lima Neto','daniel.neto@saude.gov.br',NULL,'$2y$10$bITnOUz7V8pyE7IlCrWqnekTq5/VR14bxmngx4v538rSoiiYMNlKG',0,'574345',NULL,'2022-08-10 13:53:23','2022-08-08 13:59:27','2022-08-10 15:30:22',NULL),(119,'Esther Musongole','emusongole@gmail.com',NULL,'$2y$10$4VHnTJuiqwKvYPDiu263M./kNIilaWj7oZ7Fyt61GYxbILmVt6rbK',0,NULL,'ILzbA8bLH9rL0bNsI6dqKGI5joKsPRMmFBmSgU3C6KFyeDbD0VAcvtqBtTpC',NULL,'2022-08-08 14:05:40','2022-08-08 14:05:40',NULL),(122,'Imelda Rogério Chelene','Imelda.chelene@ins.gov.mz',NULL,'$2y$10$msyheRL6T5598.8qCquQDeZrMnHN4.Yo5VfhF9.2442PbkXV4M9Vu',0,NULL,NULL,NULL,'2022-08-08 14:07:05','2022-08-08 14:07:05',NULL),(123,'Ismail Kayongo','ismailk2014@gmail.com',NULL,'$2y$10$6ogJCvQlp4aiEmrhbi89oOqh/5xjD89hglM.uajpfd3qE8r1pcRIi',0,NULL,'EcZTSS1sITU5bdrK81xRUroxYJPXyzKQLW9xM3rjOocf1vqQcGVnjVnUmNTx',NULL,'2022-08-08 14:08:49','2022-08-08 14:08:49',NULL),(124,'Josiane Buteau','jbuteau.lnsp@gmail.com',NULL,'$2y$10$oaSC/Jvr7WL.GXHA0zYHSOoMJ1x8VIA8ke4QYswfLsTjkit/jxqmS',0,NULL,'tFXivtCe5hkilr3OLmKvImo5U4O8ri0fa6OsqA4Z6KSi5SwOpPEcETndtBX1',NULL,'2022-08-08 14:11:29','2022-08-08 14:11:29',NULL),(125,'Lisselotte Hernandez Sabino','lihernandez@sns.gob.do',NULL,'$2y$10$zMIudm.9qnPd1ueS0Xu8B.InllyyyNKRgLEF4DKpa0JUYXzuOXc2u',0,NULL,'QP059ZhqIlanFT6dqo9T7BSaFwd7D6lTxZ37Xj2l9Pupiz1JU5NmNHz4g1Jk',NULL,'2022-08-08 14:12:25','2022-08-08 14:12:25',NULL),(126,'Mampho Mpiti','mpasib78@gmail.com',NULL,'$2y$10$nrVcdWUncbl7GEzPpulGXuxVWe3yr81S1FtL8FgibbfBVCPyW6TXi',0,NULL,NULL,NULL,'2022-08-08 14:14:57','2022-08-12 12:50:14',NULL),(127,'Nestor Nsengiyumva','nsenginest2008@yahoo.fr',NULL,'$2y$10$c37RjyXX9ZSaVs2F2ZAZTeywb5L845y/Q4dmN/Pst7FBKrQgVvoP.',0,'964306',NULL,'2022-08-16 18:05:58','2022-08-08 14:16:13','2022-08-08 14:16:13',NULL),(128,'Nkosisikelela Daniel Mdluli','ndm2131@cumc.columbia.edu',NULL,'$2y$10$j0n5rebjRAJP4JXtDIgdruP5RrWJiZaxJCe7f0tWrfwWAEMOaMrNG',0,NULL,'z9hnKee82UHPZAvxoq4pW3C3cm382Z97LAxIsQ8eYGBY0e9SS4R4CFIXtNHj',NULL,'2022-08-08 14:17:15','2022-08-08 14:17:15',NULL),(129,'Noela Elly John','noela-john@outlook.com',NULL,'$2y$10$0.Lm/LCLkXxz4KUYi1AEB.fBkd5PstvDm06AsfPorpxuc23X5KSv2',0,NULL,NULL,NULL,'2022-08-08 14:18:55','2022-08-08 14:18:55',NULL),(130,'Olabanji Oluwaseun Olayinka','oolayinka@ihvnigeria.org',NULL,'$2y$10$uxNnrFVtKeOaGiz2Lp.u2.bI8k4ZONC9.cK9usH.ftFZeSzYG1Pg6',0,NULL,'zsRlldEM55yXyQ8hBvhC9koHAYYxfmtYeaNNBFg4MjTf7T5oBXFB6E1cZPdk',NULL,'2022-08-08 14:21:31','2022-08-08 14:21:31',NULL),(131,'Romeo Asumbasiya Aduko','raaduko2012@uhas.edu.gh',NULL,'$2y$10$Inq3ZC7O9z/6OgV9SJS63u8bLhUjwBLb4cjSsgnJiSR3flXYxdNRm',0,NULL,'OKXyyWczXngqoGnSEZszg9PqXl6VUfzlsNGEiKflg3hJvM83nCaTDnSFoPnV',NULL,'2022-08-08 14:31:15','2022-08-10 11:34:47',NULL),(132,'Sandra Chipuka','chipukas@nmrl.org.zw',NULL,'$2y$10$i9z3ZEtRAuCHkUJBdrK/0euXx5QYpuuUCnVMKG6M7X1iCLee5mbw6',0,NULL,'S4WrLcSljMTZFhTskVu6cG9euhkOPA6Y6r8tdwKlsyPirdnV5TX0IBORO0Pp',NULL,'2022-08-08 14:35:04','2022-08-08 14:35:04',NULL),(133,'Tadesse Lejisa','tadesse.ephi@gmail.com',NULL,'$2y$10$Tex1E2porThZnFcZRYexI.TnbP7IBOPqdvRNWsTyE/RdlVpRHrjby',0,NULL,'S5rOGzrJx7LBGAWk4gYnBegRMD8vscQCNcyWXBg8TfiqbYO43Gsd7sa7aF2o',NULL,'2022-08-08 14:35:54','2022-10-02 11:52:23',NULL),(134,'Tamar Jashiashvili','t.jashiashvili@ncdc.ge',NULL,'$2y$10$po7DfNmtpX24rBjKBsMJCOF5C5xYYOnjbG.JWZ5fKU1HevR5Mw2/G',0,NULL,'qpPfD7PchvG2XfQevqYxiqL57Q5BV4h9Uucf4vjHJlGDh4ERBrrIl8cmavOw',NULL,'2022-08-08 14:36:45','2022-08-10 09:47:10',NULL),(135,'Vu Ngoc Hieu','vungochieu@hmu.edu.vn',NULL,'$2y$10$nbqrfc4EjYMbgvbVBxeH0un2UmKs8m3uSKpJ0RBILcfSEVRNo1jDG',0,NULL,'kQH1jMwUKHw0Kc5B6qHf91JJENDJbR2DdsGPQQ99fGHlcUePVZrAxzI3jnIv',NULL,'2022-08-08 14:37:41','2022-08-08 14:37:41',NULL),(136,'Daniel Ferreira de Lima Neto','danielviro@gmail.com',NULL,'$2y$10$mMQUAfSSGFD5VLZvQ32t5eUUAcvjqrv2NCBZxWhCM.qDDBhj3MdAi',0,NULL,'Yn36yOcpEzYOEcKWijZ7ACEAJEN5zJsLf33H3wIuhiyzblDB8f9aq5RxpyRQ',NULL,'2022-08-10 15:34:30','2022-08-10 15:34:30',NULL);


